osite?
True
Is 9535 a prime number?
False
Is 40861 a prime number?
False
Is 91187 composite?
True
Is 32297 a composite number?
False
Is 778 prime?
False
Is 198899 prime?
True
Is 75661 a composite number?
True
Is 726031 a prime number?
False
Is 104033 a composite number?
False
Is 2203 composite?
False
Is 20303 a composite number?
True
Is 16163 prime?
False
Is 51713 a composite number?
False
Is 26293 prime?
True
Is 145651 a composite number?
True
Is 334769 a composite number?
True
Is 350969 a composite number?
True
Is 14519 composite?
False
Is 9967 a composite number?
False
Is 7151 a prime number?
True
Is 8779 prime?
True
Is 132103 prime?
True
Is 1763 a composite number?
True
Is 2067191 a composite number?
True
Is 347033 a prime number?
True
Is 71249 a prime number?
True
Is 333959 a prime number?
True
Is 47573 a composite number?
True
Is 455393 prime?
True
Is 289837 composite?
False
Is 572939 composite?
False
Is 913 a prime number?
False
Is 1528937 a composite number?
False
Is 1507 a prime number?
False
Is 56659 a prime number?
True
Is 41467 a composite number?
False
Is 443357 a prime number?
False
Is 118343 composite?
False
Is 879061 composite?
False
Is 161201 prime?
True
Is 8583 composite?
True
Is 55999 a prime number?
False
Is 345413 composite?
False
Is 1093057 a composite number?
True
Is 32539 a prime number?
False
Is 16045 a composite number?
True
Is 34681 a prime number?
False
Is 263 a prime number?
True
Is 148739 a prime number?
False
Is 1361 composite?
False
Is 58183 a composite number?
True
Is 11273 composite?
False
Is 499 composite?
False
Is 1637 a composite number?
False
Is 447 composite?
True
Is 1257 a composite number?
True
Is 1733 a composite number?
False
Is 55021 a composite number?
False
Is 21 composite?
True
Is 211283 prime?
True
Is 5201 composite?
True
Is 335519 a prime number?
True
Is 2608943 a composite number?
False
Is 136763 a prime number?
False
Is 69835 composite?
True
Is 53683 composite?
True
Is 150713 composite?
True
Is 667 prime?
False
Is 185743 a prime number?
False
Is 14107 composite?
False
Is 1741 prime?
True
Is 136589 a composite number?
True
Is 106139 a composite number?
True
Is 15103 a prime number?
False
Is 18593 a prime number?
True
Is 5779 a prime number?
True
Is 232741 composite?
False
Is 716969 a prime number?
False
Is 1213 a prime number?
True
Is 2474383 composite?
False
Is 16613 a prime number?
False
Is 156167 prime?
False
Is 503123 a composite number?
False
Is 1151 a composite number?
False
Is 219733 a prime number?
False
Is 239231 prime?
True
Is 19597 prime?
True
Is 97711 a composite number?
False
Is 672337 prime?
False
Is 20507 composite?
False
Is 15143 composite?
True
Is 11851 composite?
True
Is 18089 prime?
True
Is 469991 prime?
False
Is 17551 prime?
True
Is 28387 a prime number?
True
Is 15659 a composite number?
True
Is 2464457 prime?
True
Is 39965 prime?
False
Is 1478873 composite?
True
Is 186838 composite?
True
Is 8857 a composite number?
True
Is 1481 a prime number?
True
Is 1353227 a prime number?
False
Is 1621 composite?
False
Is 142019 a prime number?
True
Is 432479 composite?
False
Is 42509 prime?
True
Is 41989 prime?
False
Is 1286807 composite?
False
Is 930709 composite?
True
Is 306157 prime?
True
Is 328919 prime?
True
Is 730943 composite?
False
Is 635 composite?
True
Is 1633 a composite number?
True
Is 24151 a prime number?
True
Is 203 composite?
True
Is 64993 a prime number?
False
Is 355963 composite?
True
Is 780333 prime?
False
Is 208471 composite?
True
Is 1071419 prime?
True
Is 175777 a composite number?
True
Is 31361 a prime number?
False
Is 146191 prime?
True
Is 593171 prime?
True
Is 2418863 prime?
True
Is 41429 prime?
False
Is 5581 prime?
True
Is 1250513 a composite number?
True
Is 33851 a prime number?
True
Is 139157 a prime number?
False
Is 4720601 composite?
False
Is 4022 composite?
True
Is 16595 prime?
False
Is 116026 a composite number?
True
Is 121829 prime?
False
Is 503287 a composite number?
False
Is 89 a composite number?
False
Is 43063 prime?
True
Is 57649 a prime number?
True
Is 189061 prime?
True
Is 227462 composite?
True
Is 13553 composite?
False
Is 1339 a prime number?
False
Is 2913002 a prime number?
False
Is 378713 a prime number?
True
Is 28081 prime?
True
Is 17623 a prime number?
True
Is 443801 prime?
False
Is 123011 prime?
False
Is 16333 a prime number?
True
Is 39211 a prime number?
False
Is 33247 prime?
True
Is 76357 a prime number?
False
Is 280759 composite?
False
Is 13371 composite?
True
Is 78491 a composite number?
True
Is 79269 prime?
False
Is 77465 a composite number?
True
Is 7717 a prime number?
True
Is 278129 composite?
True
Is 170155 composite?
True
Is 467773 a composite number?
False
Is 13751 prime?
True
Is 140863 composite?
False
Is 27998 a prime number?
False
Is 1867747 composite?
True
Is 18973 composite?
False
Is 75349 a composite number?
True
Is 92459 composite?
False
Is 12439 prime?
False
Is 95741 a composite number?
True
Is 5953 a prime number?
True
Is 11729 composite?
True
Is 168694 prime?
False
Is 9953 a composite number?
True
Is 439321 composite?
True
Is 65413 a composite number?
False
Is 75523 a prime number?
False
Is 255097 composite?
False
Is 25177 a composite number?
True
Is 5923 a prime number?
True
Is 158939 a composite number?
True
Is 1207 a prime number?
False
Is 8501 prime?
True
Is 461663 a composite number?
True
Is 26711 composite?
False
Is 9029 prime?
True
Is 18433 a composite number?
False
Is 78877 a composite number?
False
Is 357037 a prime number?
False
Is 391763 a prime number?
False
Is 40811 a prime number?
False
Is 25613 prime?
False
Is 59921 composite?
False
Is 54199 a prime number?
False
Is 2999 a prime number?
True
Is 33287 prime?
True
Is 2437 composite?
False
Is 2226353 composite?
False
Is 1888453 composite?
True
Is 10847 composite?
False
Is 289 a prime number?
False
Is 110545 a composite number?
True
Is 260921 a prime number?
True
Is 43459 a composite number?
True
Is 802421 prime?
True
Is 86837 a composite number?
False
Is 14519 prime?
True
Is 8269873 prime?
True
Is 48803 composite?
True
Is 11531 a composite number?
True
Is 866 composite?
True
Is 7421 composite?
True
Is 195009 a composite number?
True
Is 437783 a composite number?
True
Is 776159 composite?
False
Is 1856411 a prime number?
True
Is 59191 a prime number?
False
Is 4399 composite?
True
Is 822739 a composite number?
False
Is 9147 composite?
True
Is 36341 prime?
True
Is 47 a composite number?
False
Is 144611 prime?
True
Is 73501 prime?
False
Is 294731 a prime number?
True
Is 154423 a prime number?
True
Is 76407 composite?
True
Is 15259 a composite number?
False
Is 81331 a prime number?
True
Is 13661 prime?
False
Is 290317 a prime number?
True
Is 50021 composite?
False
Is 206405 prime?
False
Is 30983 prime?
True
Is 32647 composite?
False
Is 3241 prime?
False
Is 360589 a prime number?
True
Is 5077 a composite number?
False
Is 272603 prime?
True
Is 585069 prime?
False
Is 52261 composite?
True
Is 244333 a prime number?
True
Is 172279 a prime number?
True
Is 29117 composite?
True
Is 661919 a prime number?
False
Is 8251 composite?
True
Is 222209 a prime number?
False
Is 1363 a prime number?
False
Is 250979 a composite number?
False
Is 24547 a composite number?
False
Is 21701 prime?
True
Is 59467 composite?
False
Is 7711 prime?
False
Is 23971 composite?
False
Is 602881 prime?
False
Is 5143 a prime number?
False
Is 398249 composite?
False
Is 255709 prime?
True
Is 5906 a composite number?
True
Is 2027461 a prime number?
True
Is 1095931 prime?
True
Is 9277 a prime number?
True
Is 4213 prime?
False
Is 314693 a composite number?
False
Is 11405 a prime number?
False
Is 284851 composite?
True
Is 80789 prime?
True
Is 321679 a composite number?
False
Is 2831 composite?
True
Is 120191 a composite number?
True
Is 352553 composite?
True
Is 171131 composite?
False
Is 5581 a composite number?
False
Is 6547 a composite number?
False
Is 1557749 a prime number?
False
Is 1994 a composite number?
True
Is 130957 prime?
True
Is 17783 a prime number?
True
Is 22141 composite?
True
Is 33443 a prime number?
False
Is 2191 prime?
False
Is 30631 a prime number?
True
Is 277051 composite?
False
Is 56065 composite?
True
Is 413 composite?
True
Is 1622189 a prime number?
True
Is 113983 composite?
False
